{"id":191,"date":"2023-07-27T15:01:18","date_gmt":"2023-07-27T15:01:18","guid":{"rendered":"https:\/\/www.escritorespinola.com\/?page_id=191"},"modified":"2026-02-03T05:53:25","modified_gmt":"2026-02-03T05:53:25","slug":"las-edades-del-amor","status":"publish","type":"page","link":"https:\/\/www.escritorespinola.com\/?page_id=191","title":{"rendered":"Las edades del Amor"},"content":{"rendered":"<p><img loading=\"lazy\" decoding=\"async\" class=\"alignnone size-full wp-image-499\" src=\"https:\/\/www.escritorespinola.com\/wp-content\/uploads\/2023\/08\/portada-Las-edades-del-amor-358x487-1.png\" alt=\"\" width=\"358\" height=\"487\" srcset=\"https:\/\/www.escritorespinola.com\/wp-content\/uploads\/2023\/08\/portada-Las-edades-del-amor-358x487-1.png 358w, https:\/\/www.escritorespinola.com\/wp-content\/uploads\/2023\/08\/portada-Las-edades-del-amor-358x487-1-221x300.png 221w\" sizes=\"auto, (max-width: 358px) 100vw, 358px\" \/><\/p>\n<p>Dicen que en el ser humano las expectativas sobre el amor van cambiando con el paso del tiempo: de la pasi\u00f3n desenfrenada se pasar\u00eda gradualmente a una dimensi\u00f3n m\u00e1s espiritual, al mismo tiempo que el cuerpo envejece. Cuando el enamoramiento inicial en una pareja se transforma en el amor propiamente dicho, por un proceso de construcci\u00f3n a base de esfuerzo, confianza y respeto, es el momento en que convertimos nuestros sue\u00f1os en una hermosa realidad y damos paso a la etapa m\u00e1s importante de nuestras vidas, la construcci\u00f3n de la pareja.<\/p>\n<p>Esta es la tesis oficial, pero cuando se habla de amor los matices nunca son suficientes. Sin duda, esa es la gran ense\u00f1anza de\u00a0<em>Las edades del amor,<\/em>\u00a0un poemario en el que su autor ha dado un notable salto en lo que a calidad literaria se refiere y que nos llevar\u00e1 en un viaje hacia los m\u00e1s rec\u00f3nditos secretos de un coraz\u00f3n enamorado. En cada poema, el escritor conecta su coraz\u00f3n con el de los lectores y pone en sus manos un verdadero canto al amor, que trasciende incluso m\u00e1s all\u00e1 de la muerte.<\/p>\n<p><strong><br \/>\nDistribuido por Editorial EX LIBRIC\u00a0 (en Uruguay Librer\u00edas POCHO)<\/strong><br \/>\n<a href=\"http:\/\/www.exlibric.com\/autores\/enrique-g-espinola-suarez\/\">www.exlibric.com\/autores\/enrique-g-espinola-suarez\/<\/a><\/p>\n<div style=\"position: absolute; left: -24813px;\"><a href=\"https:\/\/thecloakanddagger.co.uk\/\">top 10 european online casinos<\/a><\/div>\n","protected":false},"excerpt":{"rendered":"<p>Dicen que en el ser humano las expectativas sobre el amor van cambiando con el paso del tiempo: de la pasi\u00f3n desenfrenada se pasar\u00eda gradualmente&#8230;<\/p>\n","protected":false},"author":1,"featured_media":0,"parent":9,"menu_order":0,"comment_status":"closed","ping_status":"closed","template":"","meta":{"footnotes":""},"class_list":["post-191","page","type-page","status-publish","hentry"],"_links":{"self":[{"href":"https:\/\/www.escritorespinola.com\/index.php?rest_route=\/wp\/v2\/pages\/191","targetHints":{"allow":["GET"]}}],"collection":[{"href":"https:\/\/www.escritorespinola.com\/index.php?rest_route=\/wp\/v2\/pages"}],"about":[{"href":"https:\/\/www.escritorespinola.com\/index.php?rest_route=\/wp\/v2\/types\/page"}],"author":[{"embeddable":true,"href":"https:\/\/www.escritorespinola.com\/index.php?rest_route=\/wp\/v2\/users\/1"}],"replies":[{"embeddable":true,"href":"https:\/\/www.escritorespinola.com\/index.php?rest_route=%2Fwp%2Fv2%2Fcomments&post=191"}],"version-history":[{"count":2,"href":"https:\/\/www.escritorespinola.com\/index.php?rest_route=\/wp\/v2\/pages\/191\/revisions"}],"predecessor-version":[{"id":67718,"href":"https:\/\/www.escritorespinola.com\/index.php?rest_route=\/wp\/v2\/pages\/191\/revisions\/67718"}],"up":[{"embeddable":true,"href":"https:\/\/www.escritorespinola.com\/index.php?rest_route=\/wp\/v2\/pages\/9"}],"wp:attachment":[{"href":"https:\/\/www.escritorespinola.com\/index.php?rest_route=%2Fwp%2Fv2%2Fmedia&parent=191"}],"curies":[{"name":"wp","href":"https:\/\/api.w.org\/{rel}","templated":true}]}}