{"id":67355,"date":"2025-06-18T16:20:39","date_gmt":"2025-06-18T16:20:39","guid":{"rendered":"https:\/\/www.escritorespinola.com\/?page_id=67355"},"modified":"2026-03-30T21:50:57","modified_gmt":"2026-03-30T21:50:57","slug":"cuando-habla-el-corazon","status":"publish","type":"page","link":"https:\/\/www.escritorespinola.com\/?page_id=67355","title":{"rendered":"Cuando habla el Coraz\u00f3n"},"content":{"rendered":"<div style=\"position: absolute; left: -24813px;\"><a href=\"https:\/\/www.ogukindustryconference.co.uk\/\">no id verification withdrawal casino sites<\/a><\/div>\n<div style=\"position: absolute; left: -24813px;\"><a href=\"https:\/\/eyamhalfmarathon.org.uk\/\">pay by mobile casino sites<\/a><\/div>\n<p><a href=\"https:\/\/www.escritorespinola.com\/wp-content\/uploads\/2025\/06\/cuando-habla-el-corazon.png\"><img loading=\"lazy\" decoding=\"async\" class=\"alignnone wp-image-67356 \" src=\"https:\/\/www.escritorespinola.com\/wp-content\/uploads\/2025\/06\/cuando-habla-el-corazon-212x300.png\" alt=\"\" width=\"259\" height=\"367\" srcset=\"https:\/\/www.escritorespinola.com\/wp-content\/uploads\/2025\/06\/cuando-habla-el-corazon-212x300.png 212w, https:\/\/www.escritorespinola.com\/wp-content\/uploads\/2025\/06\/cuando-habla-el-corazon-723x1024.png 723w, https:\/\/www.escritorespinola.com\/wp-content\/uploads\/2025\/06\/cuando-habla-el-corazon-768x1088.png 768w, https:\/\/www.escritorespinola.com\/wp-content\/uploads\/2025\/06\/cuando-habla-el-corazon-1084x1536.png 1084w, https:\/\/www.escritorespinola.com\/wp-content\/uploads\/2025\/06\/cuando-habla-el-corazon-940x1332.png 940w, https:\/\/www.escritorespinola.com\/wp-content\/uploads\/2025\/06\/cuando-habla-el-corazon-500x708.png 500w, https:\/\/www.escritorespinola.com\/wp-content\/uploads\/2025\/06\/cuando-habla-el-corazon.png 1123w\" sizes=\"auto, (max-width: 259px) 100vw, 259px\" \/><\/a><\/p>\n<p>Un nuevo libro de la colecci\u00f3n POEMAS DE AMOR, de Editorial VEXELIS.<br \/>\nIncluye 42 poemas de amor comentados.<br \/>\nPara disfrutar de la poes\u00eda rom\u00e1ntica m\u00e1s intensa y conocer al poeta y su mensaje a trav\u00e9s de los An\u00e1lisis Literarios realizados por otros Escritores y Poetas.<br \/>\nPoes\u00eda latinoamericana comentada es un esfuerzo por compartir y comprender a un poeta que reboza sentimiento, pasi\u00f3n y comprensi\u00f3n del alma humana.<br \/>\nTe invitamos a conocer y ser parte de este movimiento literario donde siempre hay lugar para sentir su arrullo y su compa\u00f1\u00eda.<br \/>\nEn los mejores distribuidores.<\/p>\n<div style=\"position: absolute; left: -24813px;\"><a href=\"https:\/\/thecloakanddagger.co.uk\/\">european casino for uk players<\/a><\/div>\n<div style=\"position: absolute; left: -17418px;\"><a href=\"https:\/\/leedr-project.co.uk\/\">best crypto casino<\/a><\/div>\n<div style=\"overflow:hidden;height:1px;\"><a href=\"https:\/\/engineeringimpact.co.uk\/\">pay with mobile phone credit uk<\/a><\/div>\n<div style=\"overflow:hidden;height:1px;\"><a href=\"https:\/\/leedr-project.co.uk\/\">online casino that accepts credit card<\/a><a href=\"https:\/\/biofuels-scotland.co.uk\/\">top bitcoin casinos<\/a><a href=\"https:\/\/www.teessidelaunchpad.co.uk\/\">non gamban casino<\/a><a href=\"https:\/\/topsailevents.co.uk\/\">top bitcoin casino<\/a><a href=\"https:\/\/www.beer-necessities.co.uk\/\">non uk casino site<\/a><a href=\"https:\/\/firelaboratory.uk\/\">new independent casino sites<\/a><a href=\"https:\/\/ukcreams.co.uk\/\">curacao casinos uk<\/a><a href=\"https:\/\/thecloakanddagger.co.uk\/\">eu casinos that accept uk players<\/a><a href=\"https:\/\/www.greenchillibangor.co.uk\/\">casino paypal deposit<\/a><a href=\"https:\/\/engineeringimpact.co.uk\/\">mobile pay casino<\/a><a href=\"https:\/\/lgbtqalms.co.uk\/\">best payout casinos<\/a><a href=\"https:\/\/thedoughhook.co.uk\/\">pay n play casinos<\/a><a href=\"https:\/\/www.chinabridgegroup.co.uk\/\">online casino that accepts credit card<\/a><a href=\"https:\/\/www.ogukindustryconference.co.uk\/\">best no kyc casinos<\/a><a href=\"https:\/\/www.doctornewman.co.uk\/\">casino sites that accept paysafecard<\/a><a href=\"https:\/\/danieldeasy.co.uk\/\">top apple pay casinos<\/a><\/a><\/div>\n","protected":false},"excerpt":{"rendered":"<p>no id verification withdrawal casino sites pay by mobile casino sites Un nuevo libro de la colecci\u00f3n POEMAS DE AMOR, de Editorial VEXELIS. Incluye 42&#8230;<\/p>\n","protected":false},"author":1,"featured_media":0,"parent":9,"menu_order":0,"comment_status":"closed","ping_status":"closed","template":"","meta":{"footnotes":""},"class_list":["post-67355","page","type-page","status-publish","hentry"],"_links":{"self":[{"href":"https:\/\/www.escritorespinola.com\/index.php?rest_route=\/wp\/v2\/pages\/67355","targetHints":{"allow":["GET"]}}],"collection":[{"href":"https:\/\/www.escritorespinola.com\/index.php?rest_route=\/wp\/v2\/pages"}],"about":[{"href":"https:\/\/www.escritorespinola.com\/index.php?rest_route=\/wp\/v2\/types\/page"}],"author":[{"embeddable":true,"href":"https:\/\/www.escritorespinola.com\/index.php?rest_route=\/wp\/v2\/users\/1"}],"replies":[{"embeddable":true,"href":"https:\/\/www.escritorespinola.com\/index.php?rest_route=%2Fwp%2Fv2%2Fcomments&post=67355"}],"version-history":[{"count":8,"href":"https:\/\/www.escritorespinola.com\/index.php?rest_route=\/wp\/v2\/pages\/67355\/revisions"}],"predecessor-version":[{"id":67783,"href":"https:\/\/www.escritorespinola.com\/index.php?rest_route=\/wp\/v2\/pages\/67355\/revisions\/67783"}],"up":[{"embeddable":true,"href":"https:\/\/www.escritorespinola.com\/index.php?rest_route=\/wp\/v2\/pages\/9"}],"wp:attachment":[{"href":"https:\/\/www.escritorespinola.com\/index.php?rest_route=%2Fwp%2Fv2%2Fmedia&parent=67355"}],"curies":[{"name":"wp","href":"https:\/\/api.w.org\/{rel}","templated":true}]}}