{"id":7,"date":"2022-07-08T04:05:27","date_gmt":"2022-07-08T04:05:27","guid":{"rendered":"http:\/\/www.escritorespinola.com\/?page_id=7"},"modified":"2022-07-08T12:17:31","modified_gmt":"2022-07-08T12:17:31","slug":"biografia","status":"publish","type":"page","link":"https:\/\/www.escritorespinola.com\/?page_id=7","title":{"rendered":"Biograf\u00eda"},"content":{"rendered":"<p><img loading=\"lazy\" decoding=\"async\" class=\"alignnone wp-image-32 size-medium\" src=\"https:\/\/www.escritorespinola.com\/wp-content\/uploads\/2022\/07\/foto-BUSTO-225x300.jpg\" alt=\"\" width=\"225\" height=\"300\" srcset=\"https:\/\/www.escritorespinola.com\/wp-content\/uploads\/2022\/07\/foto-BUSTO-225x300.jpg 225w, https:\/\/www.escritorespinola.com\/wp-content\/uploads\/2022\/07\/foto-BUSTO-768x1024.jpg 768w, https:\/\/www.escritorespinola.com\/wp-content\/uploads\/2022\/07\/foto-BUSTO-1152x1536.jpg 1152w, https:\/\/www.escritorespinola.com\/wp-content\/uploads\/2022\/07\/foto-BUSTO-1536x2048.jpg 1536w, https:\/\/www.escritorespinola.com\/wp-content\/uploads\/2022\/07\/foto-BUSTO-940x1253.jpg 940w, https:\/\/www.escritorespinola.com\/wp-content\/uploads\/2022\/07\/foto-BUSTO-500x667.jpg 500w, https:\/\/www.escritorespinola.com\/wp-content\/uploads\/2022\/07\/foto-BUSTO-scaled.jpg 1920w\" sizes=\"auto, (max-width: 225px) 100vw, 225px\" \/><\/p>\n<p>El Doctor ENRIQUE GABRIEL ESP\u00cdNOLA SU\u00c1REZ, naci\u00f3 en Montevideo, Uruguay, hijo de docentes y amantes de la l\u00edrica po\u00e9tica.<\/p>\n<p>Ha cursado estudios Universitarios obteniendo el t\u00edtulo de CIRUJANO PL\u00c1STICO, REPARADOR Y EST\u00c9TICO y posteriormente el t\u00edtulo de MEDICO CIRUJANO por el REINO DE ESPA\u00d1A-UE, comenzando su extensa carrera m\u00e9dica en 1981 en URUGUAY y continuando en EUROPA ( Alemania, Espa\u00f1a) en 2015.A lo largo de una extensa y prol\u00edfica carrera m\u00e9dica como M\u00e9dico, Cirujano,\u00a0 Docente\u00a0 y Director de Centros M\u00e9dicos, ha desarrollado paralelamente su vocaci\u00f3n de Escritor de Poes\u00eda Rom\u00e1ntica donde vuelca sus experiencias, emociones y \u00a0su aprendizaje en esta larga carrera donde tanto se recibe\u00a0 como se entrega.<\/p>\n<p>Como Escritor ha registrado m\u00e1s de 320 poemas hasta el presente con un\u00a0 claro mensaje existencialista y emocional,caracterizados\u00a0 por una\u00a0 rima y ritmo \u00a0uniformes, por\u00a0 una musicalidad y emoci\u00f3n \u00a0constantes durante toda su obray donde destacan siempre su mensaje existencialista y franco trasmitiendo sentimientos \u00a0y \u00a0vivencias.<\/p>\n<p>Un autor que domina el arte de transmitir sentimientos y llegar\u00a0 sin duda, al coraz\u00f3n del lector con un estilo propio y a la vez, universal<\/p>\n<p>.Ha publicado en Europa varios libros de LIRICA PO\u00c9TICA EN VERSO, y contin\u00faa \u00a0con dedicaci\u00f3n total, publicando en idioma espa\u00f1ol e ingl\u00e9s y colaborando con revistas sobre el tema.<\/p>\n<p><strong>DE CORAZON A CORAZON<\/strong><\/p>\n<p>-AMOR ETERNO-<\/p>\n<p><em>Siempre he buscado un lugar para tenerte<\/em><br \/>\n<em>Muy dentro de mi vida hasta la muerte<\/em><br \/>\n<em>As\u00ed he tratado de guardarte en mi memoria<\/em><br \/>\n<em>Porque los dos formamos parte de esta historia<\/em><\/p>\n<p><em>Busque llegar a formar parte de tu vida<\/em><br \/>\n<em>Brinde por ello cuando supe que me amabas<\/em><br \/>\n<em>Porque no fuimos nada m\u00e1s que enamorados<\/em><br \/>\n<em>Porque vivimos tanto tiempo del amor<\/em><\/p>\n<p><em>Amor se llama lo que un d\u00eda me juraste<\/em><br \/>\n<em>Y devoci\u00f3n lo que intente al hacerte m\u00eda<\/em><br \/>\n<em>Para dejarte el fiel recuerdo de este amante<\/em><br \/>\n<em>Que ser\u00e1 tuyo hasta el momento de tu muerte<\/em><\/p>\n","protected":false},"excerpt":{"rendered":"<p>El Doctor ENRIQUE GABRIEL ESP\u00cdNOLA SU\u00c1REZ, naci\u00f3 en Montevideo, Uruguay, hijo de docentes y amantes de la l\u00edrica po\u00e9tica. Ha cursado estudios Universitarios obteniendo el&#8230;<\/p>\n","protected":false},"author":1,"featured_media":0,"parent":0,"menu_order":1,"comment_status":"closed","ping_status":"closed","template":"","meta":{"footnotes":""},"class_list":["post-7","page","type-page","status-publish","hentry"],"_links":{"self":[{"href":"https:\/\/www.escritorespinola.com\/index.php?rest_route=\/wp\/v2\/pages\/7","targetHints":{"allow":["GET"]}}],"collection":[{"href":"https:\/\/www.escritorespinola.com\/index.php?rest_route=\/wp\/v2\/pages"}],"about":[{"href":"https:\/\/www.escritorespinola.com\/index.php?rest_route=\/wp\/v2\/types\/page"}],"author":[{"embeddable":true,"href":"https:\/\/www.escritorespinola.com\/index.php?rest_route=\/wp\/v2\/users\/1"}],"replies":[{"embeddable":true,"href":"https:\/\/www.escritorespinola.com\/index.php?rest_route=%2Fwp%2Fv2%2Fcomments&post=7"}],"version-history":[{"count":0,"href":"https:\/\/www.escritorespinola.com\/index.php?rest_route=\/wp\/v2\/pages\/7\/revisions"}],"wp:attachment":[{"href":"https:\/\/www.escritorespinola.com\/index.php?rest_route=%2Fwp%2Fv2%2Fmedia&parent=7"}],"curies":[{"name":"wp","href":"https:\/\/api.w.org\/{rel}","templated":true}]}}